29. Suppose -4*r + 1 = 2*v + v, 4*r = -2*v + 6. Give l(r).
-5
Let y(z) = 13*z - 11. Let h(v) = 7*v - 6. Suppose 2*k + 6 = -0*k. Let b(f) = k*y(f) + 5*h(f). What is b(4)?
-13
Let n = 70 + -74. Let d(a) = -7*a**2 - 2*a + 5. Let y(z) = -10*z**2 - 3*z + 8. Let t(v) = 7*d(v) - 5*y(v). What is t(n)?
7
Let p be 1/((-3)/15*-1). Suppose -4*s = -12, 2*s - 1 = 2*z - p. Let y(n) = 1 + 10 + z*n - 4*n. Give y(-8).
3
Let o(w) = w**3 - w**2 - w + 8. Let c(l) = l**3 - l**2 - l + 8. Let g(f) = -3*c(f) + 4*o(f). What is g(0)?
8
Let u be (-8)/(-20) - (-28)/(-70). Let j(z) = -z - 5. What is j(u)?
-5
Let v(t) = 3*t + t**2 - 9*t - 13 + 0*t - 9*t. Let c be v(16). Let g(h) = 2*h + 1. Determine g(c).
7
Let x(l) = 8*l. Suppose -58 = -5*k - 2*n, -5*n - 42 = -5*k - 3*n. Suppose -k*i + 16 = -2*i. What is x(i)?
16
Let y(s) = s**3 + 19*s**2 - s - 17. Let b(c) = 81*c + 386. Let f be b(-5). Give y(f).
2
Suppose 2 = -2*i - t, 0 = -2*i - 2*i - 4*t - 12. Let g be (9 - (-2 - -6)) + (-1)/i. Let a(z) = z**2 - 4*z + 5. Calculate a(g).
5
Let i = -11 - -13. Let c(d) be the third derivative of -11*d**4/24 + d**3/3 - 6*d**2. What is c(i)?
-20
Let h = -596 + 595. Let t(l) = -8*l**3 - 1. Give t(h).
7
Let a(z) = z**3 - 8*z**2 + 7*z - 1. Let o = 37 - 14. Let i(d) = -d**3 + 22*d**2 + 22*d + 30. Let b be i(o). Give a(b).
-1
Let k = 1 + 2. Suppose k*u - 1 = -2*g, g - 6*u = -u - 6. Let b(h) be the second derivative of 2*h**3/3 + h**2/2 - 23*h - 4. What is b(g)?
-3
Let t(m) be the second derivative of m**4/12 - 2*m**3/3 - 7*m**2/2 - 116*m + 4. Give t(3).
-10
Let s be (0 + 1 + -1)/(-2). Let f(o) be the first derivative of o**4/4 + o**3/3 - o**2/2 + 9*o + 4952. Determine f(s).
9
Let t(s) = -4*s - 28 - 8 + 40 + 0*s + 6*s. Calculate t(-12).
-20
Let o(x) be the third derivative of -x**7/5040 + x**6/360 + 3*x**5/20 + 11*x**2. Let q(a) be the third derivative of o(a). Give q(-4).
6
Let v(u) = 7*u - 40. Let c(w) = 7. Let q(i) = 6*c(i) + v(i). What is q(-2)?
-12
Let f(l) = -3*l + 13. Let r be f(5). Let p = 4 - r. Suppose -w + 0*w - p = 2*s, -4*w = 4*s + 4. Let m(k) = -k - 3. Determine m(s).
2
Let t(s) be the first derivative of -5*s**2/2 + 4*s - 618. Calculate t(5).
-21
Let s(r) be the second derivative of -13*r**3/6 - r**2/2 - 2*r + 5. Calculate s(-1).
12
Let h = -34 + 36. Suppose 5*o + 16 = 3*k, 15 = 3*k - h*o + 5. Suppose 3*j - 7 - k = 0. Let b(y) = y**2 + 3*y - 1. What is b(j)?
17
Let l be (2/4)/1*14. Let v(y) = -l*y + 7*y + 5*y**2 + 1. Let n = 40 - 39. Give v(n).
6
Let h = 13 + -9. Let o(l) = l**3 - 6*l**2 - 2*l - 1. Let f(a) = a**2 + a + 1. Let w(n) = -2*f(n) - o(n). Determine w(h).
-1
Let t(o) = 14*o**3 - 3*o - 14. Let c(p) = -5*p**3 + p + 4. Let f(m) = 7*c(m) + 2*t(m). Determine f(-1).
6
Let k be ((-405)/30)/(3/(-2)). Let l(a) = -a**3 + 9*a**2 - a + 3. What is l(k)?
-6
Let y(s) = s + 9. Suppose 0 = -5*j - 37 + 2. Calculate y(j).
2
Let p = -312 + 317. Let r(y) = y**2 - 8*y + 5. Calculate r(p).
-10
Suppose 63 = -4*r + 5*n + 16, -4*r + 3*n = 41. Let o(v) = -v**2 - 8*v - 3. Calculate o(r).
-3
Let v(d) = 2*d**2 - 3*d + 3. Let z be v(2). Suppose b = -z*y + 5*b + 81, 2*y = 2*b + 34. Suppose -12 = k - y. Let l(u) = 7*u**2 - u + 1. Determine l(k).
7
Let t(m) = -2*m - 5 - 12 - 9*m + m**2 + 27. Give t(9).
-8
Let k be 1 + -1 - (-3 - -6). Let y = k - -3. Suppose y = 3*q + 2*q. Let s(z) = -z**2 + 4. Give s(q).
4
Let r(c) be the second derivative of c**3/6 - c**2/2 - 88*c. Give r(3).
2
Let p(v) be the second derivative of v**4/12 + 17*v**3/6 + 19*v**2/2 - 130*v. Calculate p(-16).
3
Let d be (-18)/(-30) - 136/10. Let b = 15 + d. Let r(t) = 8 - t**b + 0*t**2 - 10 - 6*t. Give r(-6).
-2
Let w(z) be the second derivative of -37*z**3/6 + z**2/2 + 3*z + 9. Determine w(1).
-36
Let c = 76 + -76. Let z(a) = 3*a - 2*a + 18 - 16 + c*a. What is z(-5)?
-3
Suppose 2*k = 4*m + 12, 14 = -3*m + 6*k - 2*k. Let x(l) be the first derivative of l**4/4 - 2*l**3/3 + 2*l - 66. What is x(m)?
-14
Let d(l) = l**3 + 4*l**2 + 3*l - 2. Suppose 36 = -16*x - 12. What is d(x)?
-2
Let m(b) = 4*b**2 - b. Let s be m(1). Suppose -5*i - s*n + 3 + 3 = 0, 2*n + 6 = 0. Let h = 5 - i. Let k(q) = -q**3 + q**2 - q + 2. What is k(h)?
-4
Let w be -11 + (17/(-17))/(-2 - -1). Let b(m) = m**3 + 9*m**2 - 9*m + 12. Give b(w).
2
Let x(i) be the third derivative of 1/60*i**5 + 5/6*i**3 - 6*i**2 + 0 + 1/3*i**4 + 0*i. Determine x(-6).
-7
Let l = 263 + -262. Let q(c) = -9*c**2 + 2*c - 1. Give q(l).
-8
Suppose -3*l + n = 35, -4*l - 44 = -4*n + 16. Let m(r) = -r**3 - 9*r**2 + 10*r - 4. Let z be m(l). Let x(k) = -k - 2 + 2 - 3. What is x(z)?
1
Let t(w) be the first derivative of -1/6*w**4 + 1/30*w**5 + 1/360*w**6 + 0*w**2 + 3 + 0*w + 2*w**3. Let p(y) be the third derivative of t(y). What is p(-4)?
-4
Let z(p) = p**2 + 7*p + 4. Let h be (1 + -4 - -2)/((-2)/18). Let b be h + -6 - 8/1. Determine z(b).
-6
Let o(v) = 5*v + v**3 + 13 + 6*v**2 - 7*v**2 - 4*v - 6*v - 7*v**2. Determine o(9).
49
Suppose -2 - 4 = -w - r, -4*r + 12 = 0. Let u(k) = -5 + w*k + 0*k - k. Determine u(5).
5
Let n(v) = -7*v - 4*v - 5*v - 5*v - 1 + 22*v. Let b(k) = -k + 7. Let y be b(0). Determine n(y).
6
Let z(t) = 4 - 10 - 4 - 2*t - 1. Let g(d) = -d - 6. Let k(b) = 11*g(b) - 6*z(b). Give k(6).
6
Let s(d) = -d**2 + 2*d + 2. Let c(x) = -6*x + 8. Let j(h) = -c(h) - s(h). Determine j(-7).
11
Let q(z) = 58*z**2 - 5 + z**3 - 25*z**2 - 29*z**2 + 4*z. What is q(-4)?
-21
Let d(u) = 7*u + 149. Let l be d(-21). Let s(p) = 2*p**3 - 2*p**2 + 4*p - 5. What is s(l)?
11
Suppose -5*f = -4*l + 113 - 99, 0 = -2*f - 4*l - 28. Let o(w) = -13*w - 15. Let a(d) = 7*d + 8. Let y(n) = -5*a(n) - 3*o(n). Determine y(f).
-19
Let c(a) = -8*a + 7*a - 21 + 40 - 12. Let p(h) = -h**2 - 7*h - 5. Let y be p(-4). Calculate c(y).
0
Let h(l) be the first derivative of -l**3/3 + 2*l**2 + 5*l - 87. Give h(6).
-7
Let t(m) = 11*m - m**2 - 4 - 8 + 0*m**2 + 3. Let y be ((-1050)/(-20))/15*100/35. Give t(y).
1
Let w(h) = -h**2 - 5*h - 10 + 1 + 14*h. Suppose 5*p = -5*l + 45, -3*l + 8*l + 3 = p. Give w(p).
-1
Let j be 126/27*(-3)/(-2). Let r(h) = -h**3 + 13*h**2 - 2*h. Let c(u) = -u**3 + 14*u**2 - u + 1. Let b(q) = -5*c(q) + 6*r(q). Give b(j).
-5
Let g(d) be the third derivative of d**4/12 - d**3/6 + 127*d**2. What is g(-5)?
-11
Suppose 5*w - 3*w = 5*p + 12, -5*w - 40 = 5*p. Let z(u) = u**3 - u. Let s(a) = 3*a**3 - 4*a**2 - 8*a - 2. Let v(y) = s(y) - 4*z(y). Give v(p).
14
Let x(h) = -5 - 2*h - 5 - 3*h + h**2 - 3*h. Give x(8).
-10
Let x(g) = 2*g - 30. Let i be x(17). Let b(a) = -2*a + 1. Let m(o) = o - 1. Let v(y) = i*m(y) + 3*b(y). Determine v(-2).
3
Let s(c) be the first derivative of -2/3*c**3 - 3 - c - 1/2*c**2. Give s(-1).
-2
Let v(m) = m**2 + 2*m + 4. Suppose -4*q - 17 = -7*u + 2*u, 2*q = 4*u - 10. Let b be u*((-8)/24)/((-1)/(-9)). Calculate v(b).
7
Let p = 103 + -115. Let d be (8/p)/(-4 + 68/18). Let k(v) = 2*v + 3. Determine k(d).
9
Let a(u) be the first derivative of -u**3/3 + 9*u**2/2 + 38*u - 189. Determine a(12).
2
Let w(g) = -g**2 - 3*g - 3. Let k = 33 + -14. Let l = 16 - k. Let n be l/(-18) - 19/6. Calculate w(n).
-3
Let s(n) = -4*n - 5*n**2 + 6*n**2 - 2*n**2. Let g be 6 + -1 + (-11 - -1). What is s(g)?
-5
Let f(h) = 5 - 18*h**2 + 15 + 0*h**3 + h**3 - 20*h + 5. Calculate f(19).
6
Let j(u) = -u + 6. Let b be j(0). Let o(a) be the third derivative of a**4/24 - a**3/6 + a**2 + 6. Give o(b).
5
Let w(g) = -g**3 - 5*g**2 - 3*g + 4. Let z(p) = 23*p - 149. Let q(d) = -8*d + 50. Let o(r) = 17*q(r) + 6*z(r). Let x be o(20). Give w(x).
0
Let h(s) = 125 - 2*s**2 - 8*s - 128 + s**2. Let t be h(-7). Let b(o) = o**3 - 5*o**2 + 3*o + 2. What is b(t)?
-2
Let g = 18 + -15. Let n(v) = g*v**2 + v**3 - 10*v + 12*v + v**2 - 1. Calculate n(-4).
-9
Let n(v) = -2*v**2 + 7*v - 5. Let c be (-12)/(-8)*(-2 + 0) - -1. Let p be (c - 4) + 4 - -6. Calculate n(p).
-9
Let r(x) = -2*x**3 - 13*x**2 - 19*x - 4. Let g(v) = -v**3 - 2*v. Let o(k) = 3*g(k) - r(k). Determine o(14).
-10
Let g(i) = i**2 - 3*i - 1. Let w(r) = -86*r + 258. Let c be w(3). Calculate g(c).
-1
Let a(h) = h**2 + h. Suppose 3*d = -2*u + 15, u - 1 = d - 6. Let p be a(u). Let l(t) = 3*t + 0*t - 2*t + 10*t - 10*t. Calculate l(p).
0
Let p(s) = -s**3 + 10*s**2 - 25*s + 29. Let u be p(7). Let l(h) be the third derivative of h**6/120 - h**5/60 - h**2. Give l(u).
0
Let v(b) be the third derivative of b**4/4 - b*